t t be (1 + -49)*14/(-8). Suppose -3*c + 6*c - t = 0. Suppose -3*p - 29 = -5*j, 0 = j + 5*p - 10 - 7. What is the greatest common divisor of j and c?
7
Let u(i) = i**3 - 26*i**2 + 53*i - 76. Let f be u(24). What is the greatest common divisor of 12 and f?
4
Let a be ((-2)/(-6))/(26/234). Suppose 3*j = 15, s = j + a + 2. What is the greatest common divisor of s and 15?
5
Let a(x) = x**3 - 30*x**2 + 41*x - 36. Let z be a(29). What is the greatest common divisor of 78 and z?
78
Let n = -144 + 284. Let l = -268 + 296. What is the highest common factor of l and n?
28
Let z be -3*(-4)/12 - (-6)/2. Suppose -20 = z*v, 2*c - v - 59 = 2*v. What is the greatest common factor of 121 and c?
11
Suppose 0 = -5*u + 4*k + 160, 0*u + 5*u - 3*k = 160. Suppose 0 = -5*a - f + 75, -a + 1 = -30*f + 33*f. Calculate the highest common divisor of u and a.
16
Let t = -11 - -25. Suppose -3*d + 2*d - 8 = -2*h, 5*h - 26 = 4*d. Let p be (-230)/(-92)*(-28)/(-10)*h. What is the greatest common factor of t and p?
14
Let z be -3 - (-3)/(34/(-12) - -3). Suppose -2*u = -737 - 613. Suppose -4*x + u = 15. What is the highest common divisor of x and z?
15
Let p = 75 + -23. Suppose 6*u + p = 160. Calculate the greatest common divisor of 18 and u.
18
Let n(j) = j**3 - 7*j**2 - 3*j - 28. Let x be n(12). What is the highest common divisor of 16 and x?
16
Let i = -143 - -287. Let w(d) = d**2 + 2*d + 6. Let g be w(-3). Calculate the highest common divisor of i and g.
9
Let n(z) = z**2 - 46*z - 473. Let x be n(-11). Let o be (42/(-9))/((-2)/6). What is the greatest common divisor of o and x?
14
Let b(x) = x**2 - 60. Let u be b(-14). Calculate the greatest common factor of u and 40.
8
Let j = 19 + -11. Suppose 2*d = -j + 88. Let z = 5 - 0. Calculate the highest common divisor of z and d.
5
Let k = 738 + 523. Calculate the highest common factor of 97 and k.
97
Suppose -2*n - 36 = -3*z + 5*z, 39 = -2*z - 3*n. Let c = 17 + z. Suppose -c*s - 2*s = -52. What is the highest common divisor of 143 and s?
13
Let x be 2210/91 + 2/(-7). Let j be 1/4 - (-618)/x. Calculate the highest common factor of 39 and j.
13
Suppose 0*l - l + 3*a = -2, l - 2 = 2*a. Suppose -l*n = -4*n. Suppose -4*k + n = -8. What is the greatest common factor of 4 and k?
2
Let k = 241 - 169. Let a(f) = f**3 + 9*f**2 + 20*f + 51. Let l be a(-7). What is the highest common divisor of k and l?
9
Let a be (-5)/(-2)*(29 + -1). Suppose 5*d = -2*y - 22 - 29, 5*d = -4*y - 127. Let s = y + a. Calculate the greatest common factor of s and 352.
32
Let v(u) = 2*u**3 - 31*u**2 + 16*u - 7. Let y be v(15). Let x be 1 + 2 - (2 + -3). Calculate the greatest common factor of y and x.
4
Suppose 0 = -4*k + 4*f + 400, 4*f + 2 = 2*f. What is the greatest common divisor of k and 9?
9
Let q = -25 + 25. Suppose 0 = 2*s + 2*f - 22, q*f = f. Calculate the greatest common factor of s and 77.
11
Suppose 3*u = -c + 64, -2*u - 120 = -0*c - 2*c. Suppose -3 = -f + a + 5, 2*a - c = -5*f. What is the highest common factor of 11 and f?
11
Let p be -1 - ((-4)/4 + -17). Suppose -2*m = -13 - p. Let h = 152 - 32. Calculate the greatest common divisor of h and m.
15
Let q = 241 + -99. What is the highest common divisor of q and 2?
2
Let k(h) = -h**2 - h + 2. Let s be k(-4). Let r be (-1)/(-5) - 68/s. Calculate the highest common divisor of r and 77.
7
Suppose 2*g - 5*g + 17 = 2*z, -z = -g + 4. Let w be z/2 + (-68)/(-8). Let n be 0 + 36/(-8)*18/(-3). What is the highest common factor of w and n?
9
Let y(g) be the third derivative of -g**6/40 - g**5/12 + g**4/3 - 2*g**3 + 8*g**2. Let i be y(-5). What is the highest common divisor of 18 and i?
18
Let o(p) = -p**3 - 29*p**2 - 3*p - 74. Let w be o(-29). Calculate the greatest common factor of 52 and w.
13
Suppose 57 = 4*i - h, -i = -0*i + 5*h - 9. Let k = i - 10. Suppose 0*c - 5*w + 43 = 2*c, -k*c = -2*w - 50. Calculate the greatest common factor of 42 and c.
14
Suppose -h + 109 + 466 = u, -h - 2*u = -570. What is the greatest common divisor of h and 87?
29
Suppose -3*p - 4*d + 3 = 0, 6*p - 3*d - 24 = 3*p. Suppose y - p*b + b - 38 = 0, -5*b = 0. What is the greatest common divisor of y and 38?
38
Let m(a) = -a**3 - 2*a**2 - 4. Let n be m(-4). Calculate the greatest common factor of n and 28.
28
Suppose -75 = -2*l + 3*h, -3*l + 160 = 5*h - 0*h. Let g be 3*(-21)/(-9) - 2. Suppose 15 = -g*r + l. Calculate the greatest common factor of 6 and r.
6
Let m be -1 - (-1)/1*4. Let c be 56/(m + -2) + -4. Calculate the greatest common factor of c and 26.
26
Let u(q) = q**3 + 4*q**2 - 6*q + 3. Let w be u(-5). Let s = -290 - -508. Suppose -s = -4*v - 58. Calculate the highest common factor of w and v.
8
Let y = -46 - -64. Let n be (y/27 - 0)*(-450)/(-4). What is the greatest common factor of n and 15?
15
Suppose -9*b + 3*b = 42. Let m = b + 23. What is the highest common divisor of 2 and m?
2
Let v(p) = 20*p - 18*p - 14 + 3 - 17. Let d be v(17). Calculate the highest common divisor of d and 66.
6
Suppose 26*o - 1756 + 92 = 0. Calculate the greatest common factor of 160 and o.
32
Let g = 12 + -2. Let b(k) = -k**3 + k**2 + 1. Let m be b(2). Let w be (-1)/m*-4*525/(-10). What is the greatest common divisor of w and g?
10
Let n = 114 + -46. Calculate the greatest common factor of n and 102.
34
Let t(j) = 147*j. Let b be t(1). Suppose -i - 4*i - 2*m = -156, i - 3*m = 21. Let k = -9 + i. Calculate the highest common factor of k and b.
21
Suppose 42 = -2*u + 218. Suppose -u = -2*n + n. Suppose -4*a + 4*v = -36, -2*a - a + 5*v = -29. Calculate the highest common factor of a and n.
8
Let a(b) = -11*b + 31. Let k be a(9). Let s be ((-6)/(-12))/((-2)/k). What is the greatest common factor of 17 and s?
17
Suppose -2*x - 7 + 23 = 0. Let j be (-2 + 8*x/(-4))*-1. What is the greatest common divisor of 144 and j?
18
Let j be 0*((-4)/(-10))/(4/(-5)). Suppose -4*s - 4*t = -60, j*s - 5*s = t - 63. Calculate the highest common factor of 168 and s.
12
Suppose 3*x - 3*f - 1710 = 0, -5*x + 7*x - 1135 = 3*f. Suppose -21*c + x = -16*c. Calculate the greatest common divisor of 46 and c.
23
Let d = -9 - -1. Let n be (d/6)/((-2)/(-3)). Let m be (-48)/(-9) + n/6. What is the highest common factor of 15 and m?
5
Let j be -12*(2 - 33/12). Let r = -571 - -607. What is the highest common divisor of j and r?
9
Let f = 12 + -5. Let a be 6/5 + 7170/150. What is the greatest common factor of a and f?
7
Let l be 3/((-3)/5) + 370/2. What is the highest common divisor of 24 and l?
12
Suppose 0*x - 5*x + 4*q + 60 = 0, 0 = -2*q + 10. Suppose -2*o + 4*o - x = 0. Let p(h) = 5*h - 5. Let a be p(o). Calculate the highest common factor of a and 14.
7
Suppose 0 = 2*s + 18*v - 15*v - 638, -3*s - 5*v + 957 = 0. What is the greatest common factor of s and 87?
29
Let z be (-6)/2*246/(-18). Let x = 42 - z. What is the highest common factor of x and 1?
1
Suppose 3*s + s + 84 = 4*n, 0 = 5*n - 4*s - 104. Suppose -7*k + n = -78. Calculate the greatest common divisor of 84 and k.
14
Suppose 2*r = -i + 29, 9*r - 4*r - 3*i - 89 = 0. Let v(b) = -2*b + 3. Let u be v(4). Let l = -1 - u. What is the greatest common factor of l and r?
4
Let k = 1 - 6. Let w(g) = -2*g**3 - 7*g**2 + 2*g - 2. Let s be w(k). Calculate the highest common factor of 21 and s.
21
Let r(v) = 49*v. Let k be r(-1). Let p = -39 - k. Let z(t) = 2*t**3 - 5*t**2 + 5*t - 4. Let q be z(3). Calculate the highest common divisor of q and p.
10
Suppose 3*j - 9 = -3*x, -2*x - 2*x + 4*j - 28 = 0. Let y be (4 + 34/(-4))*x. What is the greatest common factor of y and 99?
9
Suppose 14*s - 15*s + 9 = 0. Let n be ((-36)/8)/s - 22/(-4). What is the highest common factor of n and 45?
5
Let g = -230 - -248. What is the highest common divisor of 558 and g?
18
Let a(k) = -k**2 + 2*k - 1. Let n be (-2)/(-2)*(-1 + 2). Let x be a(n). Let c be (x - -1) + 0 + 1. What is the greatest common divisor of c and 8?
2
Suppose 0 = 4*x + 3*o - 537, -23*x - 2*o = -18*x - 680. What is the highest common divisor of x and 24?
6
Suppose 0 = 14*d - 16*d - 460. Let a = -131 - d. What is the highest common divisor of 9 and a?
9
Let y(a) = 2*a + 9. Let w(p) = 3*p + 18. Let k(j) = 3*w(j) - 5*y(j). Let g be k(6). What is the greatest common factor of 12 and g?
3
Let h be (-3)/(-2)*-10 + 0. Let n be (-752)/h + 14/(-105). Let u be n - (3 - 1)/2. Calculate the greatest common